{"id":2135,"date":"2022-09-10T13:59:26","date_gmt":"2022-09-10T11:59:26","guid":{"rendered":"http:\/\/dogteacher.fr\/?page_id=2135"},"modified":"2025-04-29T11:20:43","modified_gmt":"2025-04-29T09:20:43","slug":"planning","status":"publish","type":"page","link":"https:\/\/dogteacher.fr\/index.php\/planning\/","title":{"rendered":"Planning Collectif"},"content":{"rendered":"\n<p class=\"has-text-align-center\">Bienvenue sur la page de programation des \u00e9v\u00e8nements collectifs de la Team DogTeacher.<\/p>\n\n\n\n<p class=\"has-text-align-center\"><\/p>\n\n\n\n<figure class=\"wp-block-image size-full is-style-default\"><img loading=\"lazy\" decoding=\"async\" width=\"1024\" height=\"278\" src=\"http:\/\/dogteacher.fr\/wp-content\/uploads\/2022\/09\/banniere-chien-2.jpg\" alt=\"\" class=\"wp-image-2141\" srcset=\"https:\/\/dogteacher.fr\/wp-content\/uploads\/2022\/09\/banniere-chien-2.jpg 1024w, https:\/\/dogteacher.fr\/wp-content\/uploads\/2022\/09\/banniere-chien-2-300x81.jpg 300w, https:\/\/dogteacher.fr\/wp-content\/uploads\/2022\/09\/banniere-chien-2-768x209.jpg 768w\" sizes=\"auto, (max-width: 1024px) 100vw, 1024px\" \/><\/figure>\n\n\n\n<div style=\"height:100px\" aria-hidden=\"true\" class=\"wp-block-spacer\"><\/div>\n\n\n\n<div class=\"wp-block-media-text alignwide has-media-on-the-right is-stacked-on-mobile\" style=\"grid-template-columns:auto 40%\"><div class=\"wp-block-media-text__content\">\n<p class=\"has-large-font-size\">Cours collectifs :<\/p>\n\n\n\n<p>Les le\u00e7ons collectives ont pour but de <strong>perfectionner l&rsquo;ob\u00e9issance <\/strong>de votre chien et de <strong>developper sa socialisation intraspecifique.<\/strong> En <strong>pr\u00e9sence de cong\u00e9n\u00e8res,<\/strong> votre chien devra se canaliser et ainsi <strong>renforcer le controle de ses \u00e9motions<\/strong> en m\u00ealant <strong>exercices d\u2019ob\u00e9issance et de jeux.&nbsp;<\/strong><\/p>\n\n\n\n<p><strong>Si je ne connais pas votre duo <\/strong>(maitre\/chien), un <strong>bilan comportemental est necessaire en amont<\/strong> afin de d\u00e9terminer le niveau d&rsquo;ob\u00e9issance de votre chien. A la suite du bilan, <strong>des cours individuels peuvent vous \u00eatre propos\u00e9s, <\/strong>afin d&rsquo;acc\u00e9der au cours collectif.<\/p>\n<\/div><figure class=\"wp-block-media-text__media\"><img loading=\"lazy\" decoding=\"async\" width=\"612\" height=\"384\" src=\"http:\/\/dogteacher.fr\/wp-content\/uploads\/2022\/09\/istockphoto-491765830-612x612-1.jpg\" alt=\"\" class=\"wp-image-2139 size-full\" srcset=\"https:\/\/dogteacher.fr\/wp-content\/uploads\/2022\/09\/istockphoto-491765830-612x612-1.jpg 612w, https:\/\/dogteacher.fr\/wp-content\/uploads\/2022\/09\/istockphoto-491765830-612x612-1-300x188.jpg 300w, https:\/\/dogteacher.fr\/wp-content\/uploads\/2022\/09\/istockphoto-491765830-612x612-1-480x300.jpg 480w\" sizes=\"auto, (max-width: 612px) 100vw, 612px\" \/><\/figure><\/div>\n\n\n\n<div style=\"height:100px\" aria-hidden=\"true\" class=\"wp-block-spacer\"><\/div>\n\n\n\n<div class=\"wp-block-media-text alignwide has-media-on-the-right is-stacked-on-mobile\"><div class=\"wp-block-media-text__content\">\n<p class=\"has-text-align-left has-large-font-size\">Squad &#8211; Promenade de meute :<\/p>\n\n\n\n<p>Offrez \u00e0 votre chien une exp\u00e9rience unique avec&nbsp;La Squad by DogTeacher<\/p>\n\n\n\n<p>\u00a0<strong>une promenade en meute con\u00e7u pour offrir \u00e0 votre chien une exp\u00e9rience premium, enrichissante et stimulante.\u00a0<\/strong><\/p>\n\n\n\n<p>Votre compagnon rejoindra une petite \u00e9quipe de <strong>3 \u00e0 4 chiens<\/strong> pour une aventure de <strong>deux heures en pleine nature<\/strong> pour garantir des interactions \u00e9quilibr\u00e9es et un maximum d\u2019attention pour chaque compagnon.<\/p>\n\n\n\n<p>Zones d\u2019intervention :\u00a0<strong>La Tour de Salvagny \u2013 Charbonniere les bains \u2013 Dommartin \u2013 Lissieu \u2013 Marcy l\u2019etoile \u2013 Lentilly \u2013 fleurieux sur L\u2019Arbresle \u2013 Limonest \u2013 Champagne au mont d\u2019or \u2013 Dardilly \u2013 Ecully .<\/strong><br><\/p>\n<\/div><figure class=\"wp-block-media-text__media\"><img loading=\"lazy\" decoding=\"async\" width=\"1024\" height=\"683\" src=\"http:\/\/dogteacher.fr\/wp-content\/uploads\/2025\/04\/4-vhien-en-squad-1024x683.png\" alt=\"\" class=\"wp-image-2431 size-full\" srcset=\"https:\/\/dogteacher.fr\/wp-content\/uploads\/2025\/04\/4-vhien-en-squad-1024x683.png 1024w, https:\/\/dogteacher.fr\/wp-content\/uploads\/2025\/04\/4-vhien-en-squad-300x200.png 300w, https:\/\/dogteacher.fr\/wp-content\/uploads\/2025\/04\/4-vhien-en-squad-768x512.png 768w, https:\/\/dogteacher.fr\/wp-content\/uploads\/2025\/04\/4-vhien-en-squad.png 1536w\" sizes=\"auto, (max-width: 1024px) 100vw, 1024px\" \/><\/figure><\/div>\n\n\n\n<div style=\"height:49px\" aria-hidden=\"true\" class=\"wp-block-spacer\"><\/div>\n\n\n\n<p><\/p>\n\n\n\n<p class=\"has-text-align-center\">Pour les inscriptions aux \u00e9v\u00e8nements collectifs, veuillez cliquer sur le calendrier ci-dessous<\/p>\n\n\n<div class=\"wp-block-image is-style-rounded\">\n<figure class=\"aligncenter size-full is-resized\"><a href=\"https:\/\/calendly.com\/dogteacher\" target=\"_blank\" rel=\"noopener\"><img loading=\"lazy\" decoding=\"async\" width=\"612\" height=\"408\" src=\"http:\/\/dogteacher.fr\/wp-content\/uploads\/2022\/09\/calendrier.jpg\" alt=\"\" class=\"wp-image-2171\" style=\"width:311px;height:207px\" srcset=\"https:\/\/dogteacher.fr\/wp-content\/uploads\/2022\/09\/calendrier.jpg 612w, https:\/\/dogteacher.fr\/wp-content\/uploads\/2022\/09\/calendrier-300x200.jpg 300w\" sizes=\"auto, (max-width: 612px) 100vw, 612px\" \/><\/a><figcaption class=\"wp-element-caption\">                                            ou <strong><a rel=\"noreferrer noopener\" href=\"https:\/\/calendly.com\/dogteacher\" data-type=\"URL\" data-id=\"https:\/\/calendly.com\/dogteacher\" target=\"_blank\">Cliquer ici<\/a><\/strong><\/figcaption><\/figure><\/div>\n\n\n<p><\/p>\n","protected":false},"excerpt":{"rendered":"<p>Bienvenue sur la page de programation des \u00e9v\u00e8nements collectifs de la Team DogTeacher. Cours collectifs : Les le\u00e7ons collectives ont pour but de perfectionner l&rsquo;ob\u00e9issance de votre chien et de &#8230;<\/p>\n","protected":false},"author":1,"featured_media":0,"parent":0,"menu_order":0,"comment_status":"closed","ping_status":"closed","template":"template-fullwidth.php","meta":{"footnotes":""},"class_list":["post-2135","page","type-page","status-publish","hentry"],"_links":{"self":[{"href":"https:\/\/dogteacher.fr\/index.php\/wp-json\/wp\/v2\/pages\/2135","targetHints":{"allow":["GET"]}}],"collection":[{"href":"https:\/\/dogteacher.fr\/index.php\/wp-json\/wp\/v2\/pages"}],"about":[{"href":"https:\/\/dogteacher.fr\/index.php\/wp-json\/wp\/v2\/types\/page"}],"author":[{"embeddable":true,"href":"https:\/\/dogteacher.fr\/index.php\/wp-json\/wp\/v2\/users\/1"}],"replies":[{"embeddable":true,"href":"https:\/\/dogteacher.fr\/index.php\/wp-json\/wp\/v2\/comments?post=2135"}],"version-history":[{"count":28,"href":"https:\/\/dogteacher.fr\/index.php\/wp-json\/wp\/v2\/pages\/2135\/revisions"}],"predecessor-version":[{"id":2433,"href":"https:\/\/dogteacher.fr\/index.php\/wp-json\/wp\/v2\/pages\/2135\/revisions\/2433"}],"wp:attachment":[{"href":"https:\/\/dogteacher.fr\/index.php\/wp-json\/wp\/v2\/media?parent=2135"}],"curies":[{"name":"wp","href":"https:\/\/api.w.org\/{rel}","templated":true}]}}

<p class="has-text-align-center">Bienvenue sur la page de programation des évènements collectifs de la Team DogTeacher.</p>



<p class="has-text-align-center"></p>



<figure class="wp-block-image size-full is-style-default"><img loading="lazy" decoding="async" width="1024" height="278" src="http://dogteacher.fr/wp-content/uploads/2022/09/banniere-chien-2.jpg" alt="" class="wp-image-2141" srcset="https://dogteacher.fr/wp-content/uploads/2022/09/banniere-chien-2.jpg 1024w, https://dogteacher.fr/wp-content/uploads/2022/09/banniere-chien-2-300x81.jpg 300w, https://dogteacher.fr/wp-content/uploads/2022/09/banniere-chien-2-768x209.jpg 768w" sizes="auto, (max-width: 1024px) 100vw, 1024px" /></figure>



<div style="height:100px" aria-hidden="true" class="wp-block-spacer"></div>



<div class="wp-block-media-text alignwide has-media-on-the-right is-stacked-on-mobile" style="grid-template-columns:auto 40%"><div class="wp-block-media-text__content">
<p class="has-large-font-size">Cours collectifs :</p>



<p>Les leçons collectives ont pour but de <strong>perfectionner l&rsquo;obéissance </strong>de votre chien et de <strong>developper sa socialisation intraspecifique.</strong> En <strong>présence de congénères,</strong> votre chien devra se canaliser et ainsi <strong>renforcer le controle de ses émotions</strong> en mêlant <strong>exercices d’obéissance et de jeux.&nbsp;</strong></p>



<p><strong>Si je ne connais pas votre duo </strong>(maitre/chien), un <strong>bilan comportemental est necessaire en amont</strong> afin de déterminer le niveau d&rsquo;obéissance de votre chien. A la suite du bilan, <strong>des cours individuels peuvent vous être proposés, </strong>afin d&rsquo;accéder au cours collectif.</p>
</div><figure class="wp-block-media-text__media"><img loading="lazy" decoding="async" width="612" height="384" src="http://dogteacher.fr/wp-content/uploads/2022/09/istockphoto-491765830-612x612-1.jpg" alt="" class="wp-image-2139 size-full" srcset="https://dogteacher.fr/wp-content/uploads/2022/09/istockphoto-491765830-612x612-1.jpg 612w, https://dogteacher.fr/wp-content/uploads/2022/09/istockphoto-491765830-612x612-1-300x188.jpg 300w, https://dogteacher.fr/wp-content/uploads/2022/09/istockphoto-491765830-612x612-1-480x300.jpg 480w" sizes="auto, (max-width: 612px) 100vw, 612px" /></figure></div>



<div style="height:100px" aria-hidden="true" class="wp-block-spacer"></div>



<div class="wp-block-media-text alignwide has-media-on-the-right is-stacked-on-mobile"><div class="wp-block-media-text__content">
<p class="has-text-align-left has-large-font-size">Squad &#8211; Promenade de meute :</p>



<p>Offrez à votre chien une expérience unique avec&nbsp;La Squad by DogTeacher</p>



<p> <strong>une promenade en meute conçu pour offrir à votre chien une expérience premium, enrichissante et stimulante. </strong></p>



<p>Votre compagnon rejoindra une petite équipe de <strong>3 à 4 chiens</strong> pour une aventure de <strong>deux heures en pleine nature</strong> pour garantir des interactions équilibrées et un maximum d’attention pour chaque compagnon.</p>



<p>Zones d’intervention : <strong>La Tour de Salvagny – Charbonniere les bains – Dommartin – Lissieu – Marcy l’etoile – Lentilly – fleurieux sur L’Arbresle – Limonest – Champagne au mont d’or – Dardilly – Ecully .</strong><br></p>
</div><figure class="wp-block-media-text__media"><img loading="lazy" decoding="async" width="1024" height="683" src="http://dogteacher.fr/wp-content/uploads/2025/04/4-vhien-en-squad-1024x683.png" alt="" class="wp-image-2431 size-full" srcset="https://dogteacher.fr/wp-content/uploads/2025/04/4-vhien-en-squad-1024x683.png 1024w, https://dogteacher.fr/wp-content/uploads/2025/04/4-vhien-en-squad-300x200.png 300w, https://dogteacher.fr/wp-content/uploads/2025/04/4-vhien-en-squad-768x512.png 768w, https://dogteacher.fr/wp-content/uploads/2025/04/4-vhien-en-squad.png 1536w" sizes="auto, (max-width: 1024px) 100vw, 1024px" /></figure></div>



<div style="height:49px" aria-hidden="true" class="wp-block-spacer"></div>



<p></p>



<p class="has-text-align-center">Pour les inscriptions aux évènements collectifs, veuillez cliquer sur le calendrier ci-dessous</p>


<div class="wp-block-image is-style-rounded">
<figure class="aligncenter size-full is-resized"><a href="https://calendly.com/dogteacher" target="_blank" rel="noopener"><img loading="lazy" decoding="async" width="612" height="408" src="http://dogteacher.fr/wp-content/uploads/2022/09/calendrier.jpg" alt="" class="wp-image-2171" style="width:311px;height:207px" srcset="https://dogteacher.fr/wp-content/uploads/2022/09/calendrier.jpg 612w, https://dogteacher.fr/wp-content/uploads/2022/09/calendrier-300x200.jpg 300w" sizes="auto, (max-width: 612px) 100vw, 612px" /></a><figcaption class="wp-element-caption">                                            ou <strong><a rel="noreferrer noopener" href="https://calendly.com/dogteacher" data-type="URL" data-id="https://calendly.com/dogteacher" target="_blank">Cliquer ici</a></strong></figcaption></figure></div>


<p></p>

<p>Bienvenue sur la page de programation des évènements collectifs de la Team DogTeacher. Cours collectifs : Les leçons collectives ont pour but de perfectionner l&rsquo;obéissance de votre chien et de &#8230;</p>
