{"id":2205,"date":"2022-09-26T17:54:28","date_gmt":"2022-09-26T15:54:28","guid":{"rendered":"http:\/\/dogteacher.fr\/?page_id=2205"},"modified":"2022-10-03T14:02:35","modified_gmt":"2022-10-03T12:02:35","slug":"harnais","status":"publish","type":"page","link":"https:\/\/dogteacher.fr\/index.php\/harnais\/","title":{"rendered":"Harnais"},"content":{"rendered":"\n<p><\/p>\n\n\n\n<p>Le harnais est l&rsquo;outil indispensable de tout chien pour une question aussi bien de securit\u00e9 que de confort. Il existe differents types de harnais avec des fonctionnalit\u00e9s diff\u00e9rentes :<\/p>\n\n\n\n<p><strong>Les Harnais antitraction :<\/strong> <\/p>\n\n\n\n<p>Le harnais le plus commun est le harnais dit \u00ab\u00a0anti-traction\u00a0\u00bb que l&rsquo;on retrouve sous diff\u00e9rentes formes, celui-ci a pour but de contraindre le chien sans douleur bien s\u00fbr, mais en lui rendant la traction d\u00e9sagr\u00e9able.<\/p>\n\n\n\n<p>Pour une utilisation optimale et en toute s\u00e9curit\u00e9, il convient de choisir, d&rsquo;adapter et d&rsquo;ajuster le harnais de votre chien selon sa morphologie. <\/p>\n\n\n\n<p>Chaque harnais se pr\u00e9sente avec deux attaches : une situ\u00e9e sur le dos de votre chien et l&rsquo;autre positionn\u00e9e sur le plastron de votre chien. Pour les chiens les plus fougeux, l&rsquo;attache sur le plastron sera \u00e0 favoriser, ce qui vous permettra d&rsquo;utiliser un principe m\u00e9canique de retournement du chien lors de chaque tension de laisse. Dans ce cas, lorsque le chien va tirer, automatiquement, la tension effectu\u00e9e sur la laisse va le forcer \u00e0 se retourner, ce qui n&rsquo;est pas agr\u00e9able pour lui car il va devoir marcher en ayant le buste de son corps pouss\u00e9 vers l&rsquo;arri\u00e8re. D\u00e8s qu&rsquo;il ne tirera plus, la laisse ne sera plus en tension et automatiquement, son buste ne sera plus attir\u00e9 vers l&rsquo;arri\u00e8re.  <\/p>\n\n\n\n<p><em>Mettez vous \u00e0 la place de votre chien : \u00ab\u00a0Je tire, &#x1f632; je me retourne &#x1f914;??  J&rsquo;arrete de tirer car j&rsquo;en ai marre de me retourner \u00e0 chaque fois que je tire et puis en plus je suis felicit\u00e9 si je ne tire pas\u00a0\u00bb&#x1f60a;.<\/em><\/p>\n\n\n\n<p> Les harnais antitraction sont des outils m\u00e9caniques qui vous aident \u00e0 contenir votre chien dans sa fougue de tirer mais ceux-ci s&rsquo;av\u00e8rent in\u00e9fficaces si la suite en laisse n&rsquo;a pas \u00e9t\u00e9 travaill\u00e9e en amont pour avoir le bon impact sur le chien.<\/p>\n\n\n\n<div style=\"height:10px\" aria-hidden=\"true\" class=\"wp-block-spacer\"><\/div>\n\n\n\n<p><strong>Les Harnais de traction :<\/strong><\/p>\n\n\n\n<p>Ces harnais permettent au chien de tirer (tracter) sans aucune contrainte physique par exemple pour les sports canins tels que le CANICROSS, le SKI-JOERING, le WEIGHT PULLING&#8230; Il convient de priviligier les Harnais dit \u00ab\u00a0Filet\u00a0\u00bb longeant le corp du chien et s&rsquo;accrochant la base de la queue. Ils sont tr\u00e8s ouverts au niveau des \u00e9paules, afin de r\u00e9duire au maximum l&rsquo;impact sur le chien par rapport \u00e0 la charge qu&rsquo;il tracte.<\/p>\n\n\n\n<div style=\"height:10px\" aria-hidden=\"true\" class=\"wp-block-spacer\"><\/div>\n\n\n\n<p>Encore une fois, il est difficile de s&rsquo;y retrouver et de trouver le bon harnais ayant la bonne utilit\u00e9 pour votre Loulou. <\/p>\n\n\n\n<p>Pour vous aider dans cette t\u00e2che difficile, voici quelques marques et types de harnais de qualit\u00e9 que je vous conseille afin d&rsquo;avoir le bon outil pour votre chien suivant votre besoin.<\/p>\n\n\n\n<p><strong><em>Le harnais doit \u00eatre adapt\u00e9 au mieux \u00e0 la taille et \u00e0 la corpulence du chien<\/em><\/strong>. De fait, le calcul des mensurations ne doit pas \u00eatre pris \u00e0 la leg\u00e8re. <strong><em>A l&rsquo;aide d&rsquo;un m\u00e8tre ruban, vous devez mesurer le tour de poitral et le tour de cou de votre chien<\/em><\/strong>. N&rsquo;hesitez pas \u00e0 r\u00e9p\u00e9ter l&rsquo;op\u00e9ration si n\u00e9cessaire, afin de vous assurer de la bonne mesure. (Tableau des tailles indiqu\u00e9es dans les photos de produits Amazon).<\/p>\n\n\n\n<div style=\"height:45px\" aria-hidden=\"true\" class=\"wp-block-spacer\"><\/div>\n\n\n\n<h3 class=\"wp-block-heading\">Harnais Antitraction :<\/h3>\n\n\n\n<div class=\"wp-block-image is-style-default\"><figure class=\"aligncenter size-medium is-resized\"><a href=\"https:\/\/amzn.to\/3fm4FMW\" target=\"_blank\" rel=\"noopener\"><img loading=\"lazy\" decoding=\"async\" src=\"http:\/\/dogteacher.fr\/wp-content\/uploads\/2022\/09\/true-love-country-plus-300x264.jpg\" alt=\"\" class=\"wp-image-2223\" width=\"225\" height=\"198\" srcset=\"https:\/\/dogteacher.fr\/wp-content\/uploads\/2022\/09\/true-love-country-plus-300x264.jpg 300w, https:\/\/dogteacher.fr\/wp-content\/uploads\/2022\/09\/true-love-country-plus-768x675.jpg 768w, https:\/\/dogteacher.fr\/wp-content\/uploads\/2022\/09\/true-love-country-plus.jpg 938w\" sizes=\"auto, (max-width: 225px) 100vw, 225px\" \/><\/a><figcaption><a rel=\"noreferrer noopener\" href=\"https:\/\/amzn.to\/3fm4FMW\" data-type=\"URL\" data-id=\"https:\/\/amzn.to\/3fm4FMW\" target=\"_blank\">TRUELOVE Country Plus<\/a><br><a rel=\"noreferrer noopener\" href=\"https:\/\/amzn.to\/3fm4FMW\" data-type=\"URL\" data-id=\"https:\/\/amzn.to\/3fm4FMW\" target=\"_blank\">7 tailles disponibles \/ 10 couleurs<\/a><br> 29.89\u20ac &lt; 36.89\u20ac<\/figcaption><\/figure><\/div>\n\n\n\n<div style=\"height:100px\" aria-hidden=\"true\" class=\"wp-block-spacer\"><\/div>\n\n\n\n<h3 class=\"wp-block-heading\">Harnais de Traction :<\/h3>\n\n\n\n<div class=\"wp-block-image is-style-default\"><figure class=\"aligncenter size-large is-resized\"><a href=\"https:\/\/amzn.to\/3V8ceHM\" target=\"_blank\" rel=\"noopener\"><img loading=\"lazy\" decoding=\"async\" src=\"http:\/\/dogteacher.fr\/wp-content\/uploads\/2022\/10\/lasaline-harnais-traction-1024x746.jpg\" alt=\"\" class=\"wp-image-2239\" width=\"287\" height=\"210\" srcset=\"https:\/\/dogteacher.fr\/wp-content\/uploads\/2022\/10\/lasaline-harnais-traction-1024x746.jpg 1024w, https:\/\/dogteacher.fr\/wp-content\/uploads\/2022\/10\/lasaline-harnais-traction-300x219.jpg 300w, https:\/\/dogteacher.fr\/wp-content\/uploads\/2022\/10\/lasaline-harnais-traction-768x560.jpg 768w, https:\/\/dogteacher.fr\/wp-content\/uploads\/2022\/10\/lasaline-harnais-traction.jpg 1140w\" sizes=\"auto, (max-width: 287px) 100vw, 287px\" \/><\/a><figcaption><a href=\"https:\/\/amzn.to\/3V8ceHM\" target=\"_blank\" rel=\"noreferrer noopener\">LASALINE Harnais de Traction<\/a><br><a href=\"https:\/\/amzn.to\/3V8ceHM\" target=\"_blank\" rel=\"noreferrer noopener\"> 8 tailles disponibles<\/a><br> 55.90\u20ac<\/figcaption><\/figure><\/div>\n","protected":false},"excerpt":{"rendered":"<p>Le harnais est l&rsquo;outil indispensable de tout chien pour une question aussi bien de securit\u00e9 que de confort. Il existe differents types de harnais avec des fonctionnalit\u00e9s diff\u00e9rentes : Les &#8230;<\/p>\n","protected":false},"author":1,"featured_media":0,"parent":0,"menu_order":0,"comment_status":"closed","ping_status":"closed","template":"","meta":{"footnotes":""},"class_list":["post-2205","page","type-page","status-publish","hentry"],"_links":{"self":[{"href":"https:\/\/dogteacher.fr\/index.php\/wp-json\/wp\/v2\/pages\/2205","targetHints":{"allow":["GET"]}}],"collection":[{"href":"https:\/\/dogteacher.fr\/index.php\/wp-json\/wp\/v2\/pages"}],"about":[{"href":"https:\/\/dogteacher.fr\/index.php\/wp-json\/wp\/v2\/types\/page"}],"author":[{"embeddable":true,"href":"https:\/\/dogteacher.fr\/index.php\/wp-json\/wp\/v2\/users\/1"}],"replies":[{"embeddable":true,"href":"https:\/\/dogteacher.fr\/index.php\/wp-json\/wp\/v2\/comments?post=2205"}],"version-history":[{"count":24,"href":"https:\/\/dogteacher.fr\/index.php\/wp-json\/wp\/v2\/pages\/2205\/revisions"}],"predecessor-version":[{"id":2258,"href":"https:\/\/dogteacher.fr\/index.php\/wp-json\/wp\/v2\/pages\/2205\/revisions\/2258"}],"wp:attachment":[{"href":"https:\/\/dogteacher.fr\/index.php\/wp-json\/wp\/v2\/media?parent=2205"}],"curies":[{"name":"wp","href":"https:\/\/api.w.org\/{rel}","templated":true}]}}